emainder when s is divided by 17?
10
Let y(i) = i**2 - 2*i + 2. Suppose 7*q - 2*q - 30 = 0. Calculate the remainder when q is divided by y(0).
0
Suppose -5*w = -0 - 20. Suppose -4*v + 26 = -3*f, -f + w*f + 34 = 5*v. Calculate the remainder when v is divided by 3.
2
Let y = -1 - -12. What is the remainder when y is divided by ((-92)/(-115))/(1/5)?
3
Suppose 50 = 5*b - 150. Suppose -j - b = -6*j. What is the remainder when 22 is divided by j?
6
Let l(d) = d + 4. Let w be l(-4). Suppose w = 2*o - 18 - 8. Suppose 8*q = 3*q + 35. What is the remainder when o is divided by q?
6
Let v = 11 + -1. Let g(m) = -5*m**3 - 2*m**2 - 3*m - 1. What is the remainder when g(-2) is divided by v?
7
Let l(q) = -q + 8. Suppose 0 = -3*h + 5*h. What is the remainder when 22 is divided by l(h)?
6
Let u be 4 + -4 - (4 - -1). Let j(b) = -1 + 4*b + 0 + 0 + 3*b + 2*b**2. Calculate the remainder when 26 is divided by j(u).
12
Let b(g) = 9*g - 15. Suppose 3*s = 15, -f - 4*f + 120 = 5*s. Calculate the remainder when b(10) is divided by f.
18
Suppose 3*y + k - 29 = 0, 2*y - 3*k - 2*k - 8 = 0. Suppose -5*a = h - 20, 4*a = -2*h + 5*h - 41. What is the remainder when h is divided by y?
6
Let b(v) = -43*v + 1. Let t be b(-4). Let a = -11 - -14. Suppose i - a*c - 13 = 19, 5*i = 2*c + t. What is the remainder when i is divided by 9?
8
Let c = 3 + -1. What is the remainder when 2 + (-3 + 3)/3 is divided by c?
0
Suppose 0 = 4*i - 5*h + 1 - 35, -2*h = 4*i - 20. Calculate the remainder when i is divided by 9/2 + (-1)/2.
2
Let z be 510/(-4)*2/(-3). Let t = 159 - z. Calculate the remainder when t is divided by 15.
14
Let c(p) = -p**3 - 5*p**2 + 6*p + 6. Let q be c(-6). Let x(y) = 8*y - 5. What is the remainder when x(q) is divided by 11?
10
Let m = -51 - -85. Calculate the remainder when m is divided by 12.
10
Let s = 8 + -43. Let r = 84 + s. What is the remainder when r is divided by 13?
10
Suppose 19*j - 16*j - 30 = 0. What is the remainder when 59 is divided by j?
9
Let t(b) = 2*b**2 + 4*b - 1. Calculate the remainder when t(-4) is divided by 8.
7
What is the remainder when (-6)/10 + 9345/75 is divided by 42?
40
Suppose 5*s = -15, -5*u = -3*s - 2 - 182. What is the remainder when u is divided by 12?
11
Let b(k) = 2*k**2 - 11*k + 17. Let y(f) = -f**2 + 6*f - 8. Let d(j) = 4*b(j) + 9*y(j). What is the remainder when 35 is divided by d(8)?
11
Let y be ((-8)/5)/(2/65). Calculate the remainder when y/2*(0 - 1) is divided by 9.
8
Let n = 5 + 0. Suppose -32 = 2*k - 6*k + 2*i, -4*k = -n*i - 38. What is the remainder when 11 is divided by k?
4
Suppose -7*x + 15 = -s - 2*x, 4*x - 12 = 3*s. Suppose f + 4*f + 60 = 2*y, -5*y - 4*f + 84 = s. What is the remainder when y is divided by -4 + 4 + (-2 - -13)?
9
Let h = 66 + -144. What is the remainder when 872/36 + 2/(-9) is divided by ((-4)/12)/(2/h)?
11
Suppose -25 = -3*z + b + 7, 0 = -z - 4*b + 2. Calculate the remainder when 27 is divided by z.
7
Let n(r) = 5*r + 14. Calculate the remainder when n(4) is divided by 19.
15
Let h(z) be the second derivative of 0*z**4 - 1/20*z**5 + 0 + 1/6*z**3 + 9/2*z**2 + z. What is the remainder when 26 is divided by h(0)?
8
Suppose 0 = -0*b - 2*b + 30. Suppose -x + 5 = x + 3*n, 0 = 4*x + n - b. Suppose 3*i - 12 = 9. Calculate the remainder when i is divided by x.
3
Suppose -24 = -5*z - 9. Suppose -z*k + 3*g + 3 + 30 = 0, 2*k - g - 19 = 0. What is the remainder when 14 is divided by k?
6
Suppose -3*a - 4*j = -0*j - 660, 4*a - 2*j - 902 = 0. Let r = a - 90. Suppose 3*w = 0, -5*g + 16 + r = -4*w. Calculate the remainder when g is divided by 16.
14
Suppose 0 = -3*j - j + 560. Suppose -7*i + 2*i = -j. What is the remainder when 83 is divided by i?
27
Let c(t) = 3*t - 4. Let n be c(4). Calculate the remainder when n/(-36) - (-58)/18 is divided by 1.
0
Let m(p) = 6*p + 4. Suppose -3*r + 20 = r. Suppose w + y = 3, -r = 8*y - 3*y. Calculate the remainder when m(w) is divided by 15.
13
Suppose 5*g = -4*q + 76, -2*g + 45 = g + 3*q. What is the remainder when 2/5 - 68/(-5) is divided by ((-3)/(-2))/(3/g)?
6
What is the remainder when ((-105)/10)/((-3)/12) is divided by 11?
9
Let l(f) = -10*f**3 - f. What is the remainder when (1*-5)/((-2)/8) is divided by l(-1)?
9
Let t(u) = -2*u**2 + 21*u - 3. What is the remainder when 42 is divided by t(9)?
18
Suppose k - 42 = 39. Calculate the remainder when k is divided by 21.
18
Suppose 2*t = -4*r - 24, -4*t + 7*r + 12 = 3*r. Let o = t - -4. Suppose o*b = 7*b + 5*c - 140, 2*b + c - 53 = 0. What is the remainder when b is divided by 9?
7
Let p(h) = 4*h**3 + h**2 - 1 - h - 3*h**3 + h. Calculate the remainder when 30 is divided by p(2).
8
Let r = 12 + -9. Calculate the remainder when 6 is divided by r.
0
Suppose -5*x - 4*p + 87 = 0, 2*p - 4*p + 66 = 4*x. Suppose -53 = 4*y - 3*y. Calculate the remainder when 3*(y/(-3) + -3) is divided by x.
14
Calculate the remainder when 157 is divided by (2 - 0)/(3/60) - 0.
37
Suppose 5*n = 15, 3*n - 2*n + 29 = 4*f. Calculate the remainder when 20 is divided by f.
4
Let k = -18 - -24. Let o(n) = -n**2 + 6*n - 4. What is the remainder when k is divided by o(4)?
2
Suppose -30*k - 36 = -34*k. What is the remainder when k is divided by (-2)/(-1 - 1) + 4?
4
Let w = -150 + 154. Suppose 3*r = -0*r. Suppose l - 6*l - 19 = -2*m, r = -m + 3*l + 10. Calculate the remainder when m is divided by w.
3
Suppose p - q - 59 = 0, 2*p = 3*q + 170 - 50. Calculate the remainder when p is divided by 20.
17
Let a(k) = -5*k. Let n(b) = -b**2 - 7*b - 7. Let h be n(-6). Let y(p) = p**2 - 2*p. What is the remainder when a(h) is divided by y(3)?
2
Suppose -k + 8 = 2*q, 2*q = -5 - 1. Let s(r) = r + 2. What is the remainder when k is divided by s(2)?
2
Let l be 96/(-16)*(-2)/(-3). Let j(n) = n**2 - 8. Calculate the remainder when 20 is divided by j(l).
4
What is the remainder when 87 is divided by 4/24 + 262/12?
21
Let l(f) = -f**3 + 3*f**2 + 2. Suppose -4*m = 6 + 6. Let b = 20 + m. Calculate the remainder when b is divided by l(2).
5
Let k be 1/((-2)/(-5))*-2. Calculate the remainder when (0 - -3) + k - -37 is divided by 18.
17
Suppose 4*w = 3*w + 12. Calculate the remainder when 23 is divided by w.
11
Let f = -11 - -7. Let z be 67 + f + (1 - -2). Let u = z - 35. Calculate the remainder when u is divided by 11.
9
Let y = 16 + -16. Suppose 2*q - 2*k = -q + 124, y = 3*q - 4*k - 116. Calculate the remainder when q is divided by 23.
21
Suppose 0 = 2*p + 3*z - 52, 2*p - 32 = -0*p + 2*z. Calculate the remainder when p is divided by 12.
8
Let y(o) = -o**2 - 40*o - 156. Suppose 0 = 2*a - 75 + 17. What is the remainder when y(-35) is divided by a/4 + 1/(-4)?
5
Suppose 5*m + 2*a - 130 = 7*a, 4*a = -m + 16. Suppose 3*z - m = 63. What is the remainder when 56 is divided by z?
27
Let d(a) = -2*a**3. Let m(y) = -2*y + 23. What is the remainder when m(8) is divided by d(-1)?
1
Let u(t) = 44*t**2 - 5*t + 5. What is the remainder when u(1) is divided by 15?
14
Let q(u) = -2*u**3 + 2*u**2 + 2*u + 1. Let z = 6 + -4. Suppose -z*k + 12 = k. What is the remainder when k is divided by q(-1)?
1
Let n = 117 - 94. What is the remainder when n is divided by 12?
11
Let g = 59 + -34. Suppose 4*z = 5*z - g. Calculate the remainder when z is divided by 14.
11
Let n = -2 + 5. What is the remainder when 10 is divided by n?
1
Let j(q) = 10*q - 1. Suppose 0 = -i + 5*c + 5, -57 = -2*i + 5*i + 3*c. Let a = 40 - i. Calculate the remainder when a is divided by j(2).
17
Suppose -8 = -2*u - 2*u. What is the remainder when u is divided by 1?
0
Suppose 0*o + o = 22. Suppose 4*s + 3 - 13 = i, 5*s - 3*i - 9 = 0. Suppose -s*p + 2 + 22 = 0. Calculate the remainder when o is divided by p.
6
Suppose 5*x + 123 = f + 3*x, -f = -4*x - 133. What is the remainder when f is divided by 29?
26
Calculate the remainder when 3*6/(-9)*36/(-4) is divided by 7.
4
Let q be (2 - 6)/(6/(-3)). What is the remainder when (-5 - -38) + (5 - q) is divided by 13?
10
Suppose 0 = w + 5, -5*i - 4*w = w - 60. Calculate the remainder when 33 is divided by i.
16
Let s = 1 - 12. Let x = 18 - s. Calculate the remainder when 56 is divided by x.
27
What is the remainder when (3 - 122/(-6))/((-12)/(-54)) is divided by 18?
15
Suppose n + 14 = 27. Calculate the remainder when 62 is divided by n.
10
Let i(a) = a**2 + 4*a - 4. Let k be i(-5). Suppose -6 = 3*d + 4*t, -